{"id":7510,"date":"2022-09-19T10:13:20","date_gmt":"2022-09-19T08:13:20","guid":{"rendered":"https:\/\/www.negozioleggero.it\/un-parco-come-progetto-sociale-civile-e-ambientale\/"},"modified":"2023-05-26T10:26:24","modified_gmt":"2023-05-26T08:26:24","slug":"un-parco-come-progetto-sociale-civile-e-ambientale","status":"publish","type":"page","link":"https:\/\/www.negozioleggero.it\/en\/un-parco-come-progetto-sociale-civile-e-ambientale\/","title":{"rendered":"URBAN PARK"},"content":{"rendered":"<section class=\"wpb-content-wrapper\"><p>[vc_row][vc_column width=&#8221;1\/1&#8243;]<div class=\"fount_spacer clearfix\" style=\"height:10px;\"><\/div>[vc_single_image image=&#8221;5303&#8243; alignment=&#8221;center&#8221; img_link_target=&#8221;_self&#8221; img_size=&#8221;full&#8221;]tricker[\/vc_single_image]<div class=\"fount_spacer clearfix\" style=\"height:20px;\"><\/div><div class=\"prk_shortcode-title small_underline fount_centered_text wpb_animate_when_almost_visible wpb_fount_fade_waypoint h4_sized\"><div class=\"header_font zero_color prk_vc_title\" style=\"color:#acacac;border-bottom-color:rgba(172, 172, 172,0.9);text-shadow:0px 0px 1px rgba(172, 172, 172,0.2);\"><h4>NEGOZIO LEGGERO<\/h4><\/div><div class=\"clearfix\"><\/div><\/div><div class=\"prk_shortcode-title fount_centered_text wpb_animate_when_almost_visible wpb_fount_fade_waypoint h2_sized\"><div class=\"header_font bd_headings_text_shadow zero_color prk_vc_title\"><h2>IL PARCO CITTADINO SU TERRITORIO CONFISCATO ALLA MAFIA<\/h2><\/div><div class=\"clearfix\"><\/div><\/div>[\/vc_column][\/vc_row][vc_row][vc_column width=&#8221;1\/1&#8243;][vc_column_text]Nasce il primo progetto di piantumazione di Negozio Leggero, lanciato in concomitanza con il <span style=\"color: #ff9900;\"><strong>terzo compleanno dello shop online<\/strong><\/span>.<\/p>\n<p><strong>Perch\u00e9 lo facciamo?<\/strong><br \/>\nLa creazione di un\u00a0parco\u00a0verde ricco di piante permette di abbassare la quantit\u00e0 di\u00a0CO2 nell&#8217;aria e, di conseguenza, contribuire a diminuire l&#8217;effetto serra, oltre a favorire\u00a0la biodiversit\u00e0 locale. Per questo progetto abbiamo scelto un terreno confiscato alla mafia per riscattare il territorio attraverso un&#8217;azione dall&#8217;alto valore ambientale, sociale e civile.\u00a0Il terreno\u00a0scelto si trova\u00a0a\u00a0San Giuseppe Jato, in provincia di Palermo. Dedicato al piccolo Giuseppe\u00a0Di Matteo, figlio di pentito, che a 12 anni \u00e8 stato rapito dai clan, ucciso e infine disciolto nell&#8217;acido dopo due anni di prigionia, quello che verr\u00e0 realizzato \u00e8 il primo parco urbano del paese.<\/p>\n<p><strong>Come sar\u00e0 il parco?<\/strong><br \/>\nIl progetto prevede la realizzazione di un parco cittadino ad accesso pubblico in cui faremo crescere\u00a0piante autoctone, creando un piccolo\u00a0ecosistema che possa essere<br \/>\n&gt; casa per insetti impollinatori e altri piccoli animali<br \/>\n&gt; area di ristoro e di pace\u00a0per tutti i cittadini, adulti e bambini, che vorranno trovare riparo, ombra e natura frequentando questo parco.<br \/>\nUn progetto che realizziamo con diverse realt\u00e0 impegnate a livello ambientale e sociale, tra cui <a href=\"https:\/\/www.azzeroco2.it\" target=\"_blank\" rel=\"noopener\">Azzeroco2<\/a>, <a href=\"https:\/\/www.kyotoclub.org\" target=\"_blank\" rel=\"noopener\">Kyoto Club<\/a> e altri Green Heroes.<\/p>\n<p>In occasione del terzo compleanno dello <span style=\"color: #ff9900;\"><a style=\"color: #ff9900;\" href=\"https:\/\/shop.negozioleggero.it\" target=\"_blank\" rel=\"noopener\"><strong>shop online di Negozio Leggero<\/strong><\/a><\/span>, ogni ordine acquistato ha\u00a0contribuito al finanziamento di questo progetto.<\/p>\n<p>Il parco \u00e8 stato\u00a0inaugurato questo 11 gennaio 2023.[\/vc_column_text]<div class=\"fount_spacer clearfix\" style=\"height:30px;\"><\/div>[\/vc_column][\/vc_row]<\/p>\n<\/section>","protected":false},"excerpt":{"rendered":"<p>[vc_row][vc_column width=&#8221;1\/1&#8243;][vc_single_image image=&#8221;5303&#8243; alignment=&#8221;center&#8221; img_link_target=&#8221;_self&#8221; img_size=&#8221;full&#8221;]tricker[\/vc_single_image][\/vc_column][\/vc_row][vc_row][vc_column width=&#8221;1\/1&#8243;][vc_column_text]Nasce il primo progetto di piantumazione di Negozio Leggero, lanciato in concomitanza con il terzo compleanno dello shop online. Perch\u00e9 lo facciamo? La creazione di un\u00a0parco\u00a0verde ricco di piante permette di abbassare la quantit\u00e0 di\u00a0CO2 nell&#8217;aria e, di conseguenza, contribuire a diminuire l&#8217;effetto serra, oltre a favorire\u00a0la biodiversit\u00e0 locale. [&hellip;]<\/p>\n","protected":false},"author":1,"featured_media":0,"parent":0,"menu_order":0,"comment_status":"closed","ping_status":"open","template":"","meta":{"footnotes":""},"acf":[],"yoast_head":"<!-- This site is optimized with the Yoast SEO plugin v23.5 - https:\/\/yoast.com\/wordpress\/plugins\/seo\/ -->\n<title>Un parco cittadino come progetto sociale, civile e ambientale<\/title>\n<meta name=\"description\" content=\"Un parco come progetto sociale, civile e ambientale, il parco targato Green Heroes. Un progetto di piantumazione conto la mafia\" \/>\n<meta name=\"robots\" content=\"index, follow, max-snippet:-1, max-image-preview:large, max-video-preview:-1\" \/>\n<link rel=\"canonical\" href=\"https:\/\/www.negozioleggero.it\/en\/un-parco-come-progetto-sociale-civile-e-ambientale\/\" \/>\n<meta property=\"og:locale\" content=\"en_US\" \/>\n<meta property=\"og:type\" content=\"article\" \/>\n<meta property=\"og:title\" content=\"Un parco cittadino come progetto sociale, civile e ambientale\" \/>\n<meta property=\"og:description\" content=\"Un parco come progetto sociale, civile e ambientale, il parco targato Green Heroes. Un progetto di piantumazione conto la mafia\" \/>\n<meta property=\"og:url\" content=\"https:\/\/www.negozioleggero.it\/en\/un-parco-come-progetto-sociale-civile-e-ambientale\/\" \/>\n<meta property=\"og:site_name\" content=\"Negozio Leggero\" \/>\n<meta property=\"article:publisher\" content=\"https:\/\/www.facebook.com\/negozioleggero\" \/>\n<meta property=\"article:modified_time\" content=\"2023-05-26T08:26:24+00:00\" \/>\n<meta name=\"twitter:label1\" content=\"Est. reading time\" \/>\n\t<meta name=\"twitter:data1\" content=\"2 minutes\" \/>\n<script type=\"application\/ld+json\" class=\"yoast-schema-graph\">{\"@context\":\"https:\/\/schema.org\",\"@graph\":[{\"@type\":\"WebPage\",\"@id\":\"https:\/\/www.negozioleggero.it\/en\/un-parco-come-progetto-sociale-civile-e-ambientale\/\",\"url\":\"https:\/\/www.negozioleggero.it\/en\/un-parco-come-progetto-sociale-civile-e-ambientale\/\",\"name\":\"Un parco cittadino come progetto sociale, civile e ambientale\",\"isPartOf\":{\"@id\":\"https:\/\/www.negozioleggero.it\/#website\"},\"datePublished\":\"2022-09-19T08:13:20+00:00\",\"dateModified\":\"2023-05-26T08:26:24+00:00\",\"description\":\"Un parco come progetto sociale, civile e ambientale, il parco targato Green Heroes. Un progetto di piantumazione conto la mafia\",\"breadcrumb\":{\"@id\":\"https:\/\/www.negozioleggero.it\/en\/un-parco-come-progetto-sociale-civile-e-ambientale\/#breadcrumb\"},\"inLanguage\":\"en-US\",\"potentialAction\":[{\"@type\":\"ReadAction\",\"target\":[\"https:\/\/www.negozioleggero.it\/en\/un-parco-come-progetto-sociale-civile-e-ambientale\/\"]}]},{\"@type\":\"BreadcrumbList\",\"@id\":\"https:\/\/www.negozioleggero.it\/en\/un-parco-come-progetto-sociale-civile-e-ambientale\/#breadcrumb\",\"itemListElement\":[{\"@type\":\"ListItem\",\"position\":1,\"name\":\"Home\",\"item\":\"https:\/\/www.negozioleggero.it\/en\/\"},{\"@type\":\"ListItem\",\"position\":2,\"name\":\"URBAN PARK\"}]},{\"@type\":\"WebSite\",\"@id\":\"https:\/\/www.negozioleggero.it\/#website\",\"url\":\"https:\/\/www.negozioleggero.it\/\",\"name\":\"Negozio Leggero\",\"description\":\"La spesa alla spina\",\"potentialAction\":[{\"@type\":\"SearchAction\",\"target\":{\"@type\":\"EntryPoint\",\"urlTemplate\":\"https:\/\/www.negozioleggero.it\/?s={search_term_string}\"},\"query-input\":{\"@type\":\"PropertyValueSpecification\",\"valueRequired\":true,\"valueName\":\"search_term_string\"}}],\"inLanguage\":\"en-US\"}]}<\/script>\n<!-- \/ Yoast SEO plugin. -->","yoast_head_json":{"title":"Un parco cittadino come progetto sociale, civile e ambientale","description":"Un parco come progetto sociale, civile e ambientale, il parco targato Green Heroes. Un progetto di piantumazione conto la mafia","robots":{"index":"index","follow":"follow","max-snippet":"max-snippet:-1","max-image-preview":"max-image-preview:large","max-video-preview":"max-video-preview:-1"},"canonical":"https:\/\/www.negozioleggero.it\/en\/un-parco-come-progetto-sociale-civile-e-ambientale\/","og_locale":"en_US","og_type":"article","og_title":"Un parco cittadino come progetto sociale, civile e ambientale","og_description":"Un parco come progetto sociale, civile e ambientale, il parco targato Green Heroes. Un progetto di piantumazione conto la mafia","og_url":"https:\/\/www.negozioleggero.it\/en\/un-parco-come-progetto-sociale-civile-e-ambientale\/","og_site_name":"Negozio Leggero","article_publisher":"https:\/\/www.facebook.com\/negozioleggero","article_modified_time":"2023-05-26T08:26:24+00:00","twitter_misc":{"Est. reading time":"2 minutes"},"schema":{"@context":"https:\/\/schema.org","@graph":[{"@type":"WebPage","@id":"https:\/\/www.negozioleggero.it\/en\/un-parco-come-progetto-sociale-civile-e-ambientale\/","url":"https:\/\/www.negozioleggero.it\/en\/un-parco-come-progetto-sociale-civile-e-ambientale\/","name":"Un parco cittadino come progetto sociale, civile e ambientale","isPartOf":{"@id":"https:\/\/www.negozioleggero.it\/#website"},"datePublished":"2022-09-19T08:13:20+00:00","dateModified":"2023-05-26T08:26:24+00:00","description":"Un parco come progetto sociale, civile e ambientale, il parco targato Green Heroes. Un progetto di piantumazione conto la mafia","breadcrumb":{"@id":"https:\/\/www.negozioleggero.it\/en\/un-parco-come-progetto-sociale-civile-e-ambientale\/#breadcrumb"},"inLanguage":"en-US","potentialAction":[{"@type":"ReadAction","target":["https:\/\/www.negozioleggero.it\/en\/un-parco-come-progetto-sociale-civile-e-ambientale\/"]}]},{"@type":"BreadcrumbList","@id":"https:\/\/www.negozioleggero.it\/en\/un-parco-come-progetto-sociale-civile-e-ambientale\/#breadcrumb","itemListElement":[{"@type":"ListItem","position":1,"name":"Home","item":"https:\/\/www.negozioleggero.it\/en\/"},{"@type":"ListItem","position":2,"name":"URBAN PARK"}]},{"@type":"WebSite","@id":"https:\/\/www.negozioleggero.it\/#website","url":"https:\/\/www.negozioleggero.it\/","name":"Negozio Leggero","description":"La spesa alla spina","potentialAction":[{"@type":"SearchAction","target":{"@type":"EntryPoint","urlTemplate":"https:\/\/www.negozioleggero.it\/?s={search_term_string}"},"query-input":{"@type":"PropertyValueSpecification","valueRequired":true,"valueName":"search_term_string"}}],"inLanguage":"en-US"}]}},"_links":{"self":[{"href":"https:\/\/www.negozioleggero.it\/en\/wp-json\/wp\/v2\/pages\/7510"}],"collection":[{"href":"https:\/\/www.negozioleggero.it\/en\/wp-json\/wp\/v2\/pages"}],"about":[{"href":"https:\/\/www.negozioleggero.it\/en\/wp-json\/wp\/v2\/types\/page"}],"author":[{"embeddable":true,"href":"https:\/\/www.negozioleggero.it\/en\/wp-json\/wp\/v2\/users\/1"}],"replies":[{"embeddable":true,"href":"https:\/\/www.negozioleggero.it\/en\/wp-json\/wp\/v2\/comments?post=7510"}],"version-history":[{"count":2,"href":"https:\/\/www.negozioleggero.it\/en\/wp-json\/wp\/v2\/pages\/7510\/revisions"}],"predecessor-version":[{"id":7546,"href":"https:\/\/www.negozioleggero.it\/en\/wp-json\/wp\/v2\/pages\/7510\/revisions\/7546"}],"wp:attachment":[{"href":"https:\/\/www.negozioleggero.it\/en\/wp-json\/wp\/v2\/media?parent=7510"}],"curies":[{"name":"wp","href":"https:\/\/api.w.org\/{rel}","templated":true}]}}

<section class="wpb-content-wrapper"><p>[vc_row][vc_column width=&#8221;1/1&#8243;]<div class="fount_spacer clearfix" style="height:10px;"></div>[vc_single_image image=&#8221;5303&#8243; alignment=&#8221;center&#8221; img_link_target=&#8221;_self&#8221; img_size=&#8221;full&#8221;]tricker[/vc_single_image]<div class="fount_spacer clearfix" style="height:20px;"></div><div class="prk_shortcode-title small_underline fount_centered_text wpb_animate_when_almost_visible wpb_fount_fade_waypoint h4_sized"><div class="header_font zero_color prk_vc_title" style="color:#acacac;border-bottom-color:rgba(172, 172, 172,0.9);text-shadow:0px 0px 1px rgba(172, 172, 172,0.2);"><h4>NEGOZIO LEGGERO</h4></div><div class="clearfix"></div></div><div class="prk_shortcode-title fount_centered_text wpb_animate_when_almost_visible wpb_fount_fade_waypoint h2_sized"><div class="header_font bd_headings_text_shadow zero_color prk_vc_title"><h2>IL PARCO CITTADINO SU TERRITORIO CONFISCATO ALLA MAFIA</h2></div><div class="clearfix"></div></div>[/vc_column][/vc_row][vc_row][vc_column width=&#8221;1/1&#8243;][vc_column_text]Nasce il primo progetto di piantumazione di Negozio Leggero, lanciato in concomitanza con il <span style="color: #ff9900;"><strong>terzo compleanno dello shop online</strong></span>.</p>
<p><strong>Perché lo facciamo?</strong><br />
La creazione di un parco verde ricco di piante permette di abbassare la quantità di CO2 nell&#8217;aria e, di conseguenza, contribuire a diminuire l&#8217;effetto serra, oltre a favorire la biodiversità locale. Per questo progetto abbiamo scelto un terreno confiscato alla mafia per riscattare il territorio attraverso un&#8217;azione dall&#8217;alto valore ambientale, sociale e civile. Il terreno scelto si trova a San Giuseppe Jato, in provincia di Palermo. Dedicato al piccolo Giuseppe Di Matteo, figlio di pentito, che a 12 anni è stato rapito dai clan, ucciso e infine disciolto nell&#8217;acido dopo due anni di prigionia, quello che verrà realizzato è il primo parco urbano del paese.</p>
<p><strong>Come sarà il parco?</strong><br />
Il progetto prevede la realizzazione di un parco cittadino ad accesso pubblico in cui faremo crescere piante autoctone, creando un piccolo ecosistema che possa essere<br />
&gt; casa per insetti impollinatori e altri piccoli animali<br />
&gt; area di ristoro e di pace per tutti i cittadini, adulti e bambini, che vorranno trovare riparo, ombra e natura frequentando questo parco.<br />
Un progetto che realizziamo con diverse realtà impegnate a livello ambientale e sociale, tra cui <a href="https://www.azzeroco2.it" target="_blank" rel="noopener">Azzeroco2</a>, <a href="https://www.kyotoclub.org" target="_blank" rel="noopener">Kyoto Club</a> e altri Green Heroes.</p>
<p>In occasione del terzo compleanno dello <span style="color: #ff9900;"><a style="color: #ff9900;" href="https://shop.negozioleggero.it" target="_blank" rel="noopener"><strong>shop online di Negozio Leggero</strong></a></span>, ogni ordine acquistato ha contribuito al finanziamento di questo progetto.</p>
<p>Il parco è stato inaugurato questo 11 gennaio 2023.[/vc_column_text]<div class="fount_spacer clearfix" style="height:30px;"></div>[/vc_column][/vc_row]</p>
</section>

<p>[vc_row][vc_column width=&#8221;1/1&#8243;][vc_single_image image=&#8221;5303&#8243; alignment=&#8221;center&#8221; img_link_target=&#8221;_self&#8221; img_size=&#8221;full&#8221;]tricker[/vc_single_image][/vc_column][/vc_row][vc_row][vc_column width=&#8221;1/1&#8243;][vc_column_text]Nasce il primo progetto di piantumazione di Negozio Leggero, lanciato in concomitanza con il terzo compleanno dello shop online. Perché lo facciamo? La creazione di un parco verde ricco di piante permette di abbassare la quantità di CO2 nell&#8217;aria e, di conseguenza, contribuire a diminuire l&#8217;effetto serra, oltre a favorire la biodiversità locale. [&hellip;]</p>
